 + 23. Is i(7) composite?
False
Suppose -u + 493858 = 3*g, 239*g - 235*g = 20. Is u prime?
False
Suppose -5*k - 10820 = -4*w, 5*w = 4*w + 2*k + 2705. Suppose -82*v + 77*v = -w. Is v a prime number?
True
Suppose 2*a = 5818 + 10300. Suppose -2*t + a = 3*h, 5*h - 7950 = 4*t + 5445. Is h prime?
True
Let q = -81 - -135. Suppose 0 = -q*u + 58*u - 5428. Is u prime?
False
Suppose 36*z - 7*z = 87. Suppose 7304 = 4*k + 4*u, 0 = -z*k - 0*u + 4*u + 5513. Is k composite?
False
Let n be (-42)/(-24)*(-2 - (3 + 3)). Let w be 3 - 255/(-35) - (-4)/n. Is (-6)/w + (-3106)/(-10) + -3 prime?
True
Suppose 440*s - 12052255 = 295*s. Is s prime?
False
Suppose -q + 306590 = 5*b - 116164, 2*q = -4*b + 338202. Is b composite?
False
Let q(l) = 7*l**2 + 30*l - 31. Let b be q(-21). Let m = -1233 + b. Let y = -106 + m. Is y composite?
False
Let d = 91 + -60. Suppose d*i = 30*i - 4. Is (3 - 314/i)*2 prime?
True
Let k be (-12)/14*(564 + -4). Let m be (-2)/(-3) - (k/(-18))/(-8). Suppose 2*j = -3*r + 152 + 1226, -m*r - 2033 = -3*j. Is j prime?
True
Let r(u) = -20*u + 53. Suppose -5*q + 0*c = c - 68, 5*c = -4*q + 67. Let h(z) = 41*z - 107. Let v(k) = q*r(k) + 6*h(k). Is v(-25) composite?
False
Let p(x) = 292*x**2 + 35*x - 200. Is p(-17) prime?
False
Suppose -230*o + 7681514 + 4794924 = -204*o. Is o composite?
True
Let w(r) = r**2 + 2*r - 1. Let f be w(1). Suppose -5*i = -f*t + 16, -4*i - 15 = 2*t + 5. Is 83/t*(2 + 0 + -16) a prime number?
False
Let s(z) = 23*z + 7. Let w be s(9). Let b = -2034 + 1586. Let f = w - b. Is f prime?
False
Suppose -h - m = -3, 3*h = 2*m - 0*m - 16. Is ((-74)/(-12))/(h/6)*-34 a composite number?
True
Suppose -5*l + 5*x + 33490 = 0, 6677 = l - 471*x + 473*x. Is l a prime number?
True
Let f(z) = z**3 + 20*z**2 + 35*z - 17. Let l be f(-18). Is (813/9)/(l/57) prime?
False
Let g = 176305 - 81162. Is g a prime number?
True
Suppose 0 = 5*l - y - 158842, 225*y - 230*y = -3*l + 95292. Is l a prime number?
True
Suppose x - 12 = -5*v + v, -3*v + 9 = 5*x. Suppose v*k + 13 = 19. Suppose 26 = c - 5*z, -k*z + 5*z = 4*c - 189. Is c prime?
False
Is ((-168)/(-1764) - (-8836418)/42)*1/1 prime?
True
Is (72908/(-176))/(-2*2/16) a composite number?
False
Suppose 3*l - 6*l = -75. Let s = l - 23. Suppose 507 + 187 = s*c. Is c a prime number?
True
Let u be 38/95 - (1 - 26/10). Is (u - (-20)/5)*727/3 prime?
False
Suppose -3*z = 209 - 215. Is (1 - -3206)/(3 - z) a composite number?
True
Is -19 + 2 - -27928*7 a composite number?
False
Suppose -l + 3*f = 2107, l - 5*f = -1363 - 748. Let b = -1224 - l. Is b a composite number?
False
Suppose -2*z - 8*z = -272910. Is z/(-66)*-1*6 a composite number?
True
Let m(r) = -r + 2. Let a be m(-1). Let d(u) = 11*u**2 - 2*u - 28. Let t be d(21). Suppose -4*n - a*h + 6394 = 0, 4*n - t = n + 5*h. Is n a composite number?
False
Suppose -2*y = 3*x - 26, -3*x - x + 16 = 0. Suppose j + 9 = y. Is j/(-7) - 2/(-14)*13907 composite?
False
Let p = 317321 + -215706. Is p prime?
False
Let f(q) = 106208*q - 97. Is f(1) a composite number?
True
Let k = 260 - 170. Suppose -49653 = -9*y - k. Is y prime?
True
Suppose 3*h + 1 = 5*u + 26, 0 = 5*h + 2*u - 21. Suppose -h*r + 664 = x, -x - 3*r + 363 + 311 = 0. Is x a composite number?
True
Let b be 319163/(-26) + 9/6. Let h = b - -22481. Is h prime?
False
Is 340649 + (-7 - 12 - -43) composite?
True
Let t = -19210 + 82587. Is t a prime number?
True
Let h be 4 + (-59380)/(-1 - -6). Let s = 21879 + h. Is s composite?
False
Let g(o) = o**3 + 30*o**2 + 29*o + 32. Let m be g(-29). Let i(a) = -7*a**3 - 7 + 15*a**2 + 18*a + 15*a - m*a. Is i(-8) prime?
False
Suppose -22*j = -40*j + 136*j - 39550178. Is j a composite number?
False
Suppose -t = -11416 + 3209. Suppose -2468 = 3*s - t. Is s a prime number?
True
Is (16/44)/(50/55) - 23426030/(-50) a prime number?
False
Let g = -28 - 43. Let i = -78 - g. Let t(k) = -5*k - 13. Is t(i) a composite number?
True
Let j(h) = -h**3 + 5*h**2 + 5*h + 3. Let l be j(7). Is (7 + 5290/l)/(1/(-6)) composite?
False
Let h = 615776 + -437593. Is h a prime number?
True
Let w = -818 - -3412. Let p = w - 1533. Is p a prime number?
True
Let m(c) = 23*c - 18. Let z = 54 - 50. Suppose -z*v = -49 - 27. Is m(v) a composite number?
False
Suppose 3*c + 2*k - 244041 = -k, -813404 = -10*c + k. Is c prime?
False
Let m(o) = 834*o - 2953. Is m(98) composite?
False
Let d = 142011 + -23714. Is d prime?
True
Suppose -3*b - 3*u + 176062 + 36344 = 0, -b + 70802 = -2*u. Is b prime?
False
Let f = 1238277 - 643420. Is f prime?
True
Suppose -c - 253821 = -2*k, -1806*c - 126888 = -k - 1801*c. Is k a composite number?
False
Let m be (5664/39)/8 - (-2)/(-13). Let z be 345 + m/12*6/9. Suppose 6*a - z - 8192 = 0. Is a composite?
False
Let i(w) = 13161*w**2 + 39*w - 41. Is i(1) a prime number?
True
Suppose -394 = -10*w + 316. Let k = w + -64. Suppose 3*j - 5*u = 8432, -j + 2839 = k*u - 3*u. Is j a prime number?
True
Let c(d) = 3617*d**2 - 78*d - 82. Is c(-1) prime?
True
Let f be -7 + 8 + 2 - 3. Suppose 24*w - 29*w + 28225 = f. Is w prime?
False
Suppose -c - 3*h = -2102990, 3*c - 1279199 = -3*h + 5029789. Is c a prime number?
True
Suppose -219*l + 4002905 = 210*l - 412*l. Is l a composite number?
True
Suppose -44*c = -24*c - 809140. Is c a composite number?
True
Let t be (32 - -4)*(-8)/12. Is 34*(76 + -2 - 12/t) composite?
True
Let t(r) = 22618*r + 287. Is t(2) a prime number?
True
Let j = -545776 + 1085855. Is j composite?
False
Let t(h) = 16*h**2 - 20*h + 2. Let z(d) = -4*d - 16. Let q be z(-6). Is t(q) a composite number?
True
Let q be (-10)/(-105)*7 - 2/3. Suppose 263*p - 266*p + 16503 = q. Is p a prime number?
True
Let n = -959 - 162. Let d = n + 2130. Is d a composite number?
False
Let o(a) = a**3 + 8*a**2 + 4*a - 1. Let x be o(-7). Let p be x/(-12)*18/(-15). Suppose -5*q + 5*f = p*f - 3755, -5*q + 3755 = -2*f. Is q composite?
False
Suppose -2*m + 30420 = 5*v, -5*m = v - 4*v - 76019. Suppose 20*a = -m + 101745. Is a a composite number?
False
Suppose 2*z = -3*m + 90969, 4*z + 15*m - 181929 = 18*m. Is z prime?
False
Is (4/(-6))/(413506324/82701276 + -5) composite?
False
Let c(f) = -286*f + 921. Is c(-80) a composite number?
False
Let d(v) = -1603*v - 2108. Is d(-19) a composite number?
False
Suppose 6*h = 9*h - 15. Suppose h*y = -2*n + 9*y + 26750, -4 = -2*y. Is n prime?
False
Let v = -88 - -93. Suppose -2*r - 3266 = -3*x - 0*r, x + v*r - 1100 = 0. Is (-6)/(-4)*x/15 composite?
False
Let u(z) = z**3 - 26*z**2 + 89*z - 497. Is u(30) a composite number?
True
Is 15/(-50) - (-1)/(-5) - 112606/(-4) a composite number?
False
Let x(c) = -2*c**2 - 3*c + 8. Let t be x(-5). Let q be (4/3)/((-9)/t). Suppose -10986 = -q*l - 2*l. Is l a composite number?
False
Suppose 3*q + 4*g = 1, 0*q + 28 = -4*q + 2*g. Let p(x) = -36*x - 53. Is p(q) prime?
True
Let s(i) = 36*i + 5. Suppose 14*c = 16*c + 106. Let f = -44 - c. Is s(f) a composite number?
True
Let l(z) = -z**3 + 4*z + 3. Let k be l(-1). Suppose k = 15*i - 3*i. Suppose 5*a - 1445 = 5*o, -2*a = -o - i*o - 576. Is a a prime number?
False
Let m = -145 - -145. Let a be (-28 - -26) + m + 1257 + 0. Suppose -5*t + a = -3*g, -5*g - 251 = -2*t + t. Is t composite?
False
Let w(j) = 14*j + 3*j**2 + 6*j**2 - 5*j**2 - 14*j**3 + 15*j**3. Is w(5) a prime number?
False
Let p be (-8)/(-10) + (-1776)/(-80). Let n(i) = -i**3 + 34*i**2 + 22*i - 78. Is n(p) a composite number?
False
Suppose -182 = -3*z - 4*d, -4*z - 4*d + 290 = z. Let j = 45 - z. Let h(o) = -o**3 + 6*o**2 + 3*o - 7. Is h(j) a composite number?
False
Suppose 62363 = c - 4*u + 2*u, 2*u + 249440 = 4*c. Is c composite?
True
Suppose k - 6 = 7. Suppose -k*p + 4*p = -12591. Is p a composite number?
False
Let v = 833910 + -525697. Is v a prime number?
True
Suppose 193*c - 10659238 = 159*c. Is c composite?
False
Let a(i) = -227*i**3 + 6*i + 7. Let h be a(-2). Suppose h = 5*z - 894. Is z a composite number?
False
Suppose 0 = 5*a + 1783 - 28013. Suppose -7*q + a = 1851. Is q a composite number?
True
Suppose -4*y = 49 + 31. Is (-39452)/y + 1 + (-3)/5 composite?
False
Let x = -126 + 116. Is ((-11276)/x)/((-2)/(-5)) a prime number?
True
Suppose 0 = -5*w - 25, 3*c - 4*w - 8117 = -471. Let a = -695 + c. Is a prime?
True
Suppose 2*c - 85 = -3*c - 3*x, -3*x = c - 5. Suppose 0 = -c*y + 15*y + 17455. Is y composite?
False
Suppose -2*n = -5*h - 14902, -6*h + h 